2*m + 30. Determine w(-11).
525
Let t(h) = -h**2 - 8*h - 11. What is t(-5)?
4
Let h(x) = -4*x**3 + 19*x**2 + 8*x - 1. Calculate h(4).
79
Let n(y) = 4*y**2 + 33*y - 1743. Calculate n(17).
-26
Let t(d) = -d**3 + 10*d**2 + 114*d - 35. What is t(-7)?
0
Let h(u) = -u**3 - 17*u**2 - 23*u + 26. Give h(-16).
138
Let x(r) = 8*r**2 - 21*r - 87. Calculate x(5).
8
Let d(x) = -x**3 + 14*x**2 - 6*x - 213. Determine d(12).
3
Let w(g) = 17*g + 266. Give w(-3).
215
Let h(d) = d**2 - 65*d + 614. What is h(57)?
158
Let r(s) = 10*s**3 - 4*s**2 - 2*s + 15. What is r(3)?
243
Let y(x) = -2*x**2 + 244*x - 1620. Calculate y(7).
-10
Let x(k) = k**3 + 10*k**2 + 219*k + 1657. Give x(-8).
33
Let r(g) = g**3 + 89*g**2 - 69*g - 6128. What is r(-89)?
13
Let v(b) = -b**2 + 318*b + 2955. Give v(-9).
12
Let p(b) = 30*b - 307. Calculate p(13).
83
Let n(a) = -482*a + 2692. What is n(6)?
-200
Let c(u) = -29*u + 2784. Determine c(96).
0
Let u(k) = -k**3 + 18*k**2 - 15*k - 32. Calculate u(17).
2
Let p(s) = 7*s - 414. Give p(61).
13
Let s(c) = c**3 - 24*c**2 - 12*c + 290. Determine s(24).
2
Let r(n) = 206*n + 6351. Calculate r(-31).
-35
Let v(h) = -h**2 + 8*h + 5. What is v(0)?
5
Let j(s) = s**3 - 145*s**2 - 6*s + 862. Give j(145).
-8
Let y(p) = -50*p + 394. Calculate y(8).
-6
Let z(p) = -3*p**3 + 34*p**2 + 24*p + 5. Calculate z(12).
5
Let y(q) = 1077*q - 5389. What is y(5)?
-4
Let p(y) = 8*y**2 - 2*y - 5. Calculate p(-2).
31
Let l(f) = 79*f - 349. Calculate l(6).
125
Let o(d) = -d**2 + 59*d - 923. Determine o(35).
-83
Let a(c) = c**3 + 2*c**2 - 12*c + 148. What is a(-7)?
-13
Let q(i) = -i**3 + 55*i**2 + 59*i - 175. Determine q(56).
-7
Let d(s) = -13*s**2 - 3*s - 35. Give d(4).
-255
Let w(o) = -4*o - 357. Give w(-44).
-181
Let u(k) = -2*k**2 + 160*k + 883. Calculate u(86).
-149
Let p(t) = t**3 + 64*t**2 + 123*t - 109. Determine p(-62).
-47
Let t(p) = -168*p + 4180. What is t(25)?
-20
Let z(f) = -3*f**3 - 49*f**2 - 38*f - 400. Calculate z(-16).
-48
Let n(a) = -558*a - 3908. What is n(-7)?
-2
Let u(t) = -t**2 - 36*t - 6. Determine u(-37).
-43
Let b(z) = -z**3 + 31*z**2 - 26*z - 105. Give b(30).
15
Let q(o) = -867*o - 10411. Determine q(-12).
-7
Let u(h) = -3893*h + 42840. What is u(11)?
17
Let d(y) = -164*y**3 - 17*y**2 - 17*y. Determine d(-1).
164
Let v(q) = q**2 + 150*q + 3764. Calculate v(-118).
-12
Let z(t) = 105*t - 545. Determine z(5).
-20
Let l(n) = -3*n**2 + 59*n - 56. Give l(20).
-76
Let h(c) = 103*c - 5731. Give h(57).
140
Let t(i) = -360*i + 2911. Give t(8).
31
Let w(p) = -48*p + 244. What is w(6)?
-44
Let y(w) = w**3 - 33*w**2 + 57*w + 142. Calculate y(31).
-13
Let c(p) = -p**2 + 170*p + 5106. Determine c(-26).
10
Let o(n) = n**3 + 2*n**2 - 48*n + 139. Give o(3).
40
Let w(i) = 11*i + 108. What is w(-6)?
42
Let r(o) = -o**3 + 34*o**2 - 28*o - 172. Calculate r(33).
-7
Let k(f) = 430*f - 97175. Give k(226).
5
Let t(y) = -y**3 + 11*y**2 - 6*y - 32. What is t(10)?
8
Let s(z) = -2*z**3 - 10*z**2 - 11*z - 4. What is s(-4)?
8
Let p(g) = -g**3 + g**2 - 173*g + 734. Determine p(4).
-6
Let s(b) = -4*b - 14. Give s(-15).
46
Let n(o) = -269*o + 25813. What is n(96)?
-11
Let j(u) = u**2 + 28*u - 492. Give j(-40).
-12
Let c(x) = 3*x + 40. What is c(7)?
61
Let b(a) = -3164*a + 79087. Calculate b(25).
-13
Let y(s) = s**3 - 218*s**2 - 425*s - 3306. Calculate y(220).
-6
Let u(g) = 2*g**2 - 52*g + 376. Determine u(8).
88
Let x(p) = -2*p**2 - 82*p - 1147. Give x(-27).
-391
Let j(g) = 21*g**2 - 257*g + 60. Give j(12).
0
Let g(u) = u**2 + 14*u + 54. Determine g(-8).
6
Let g(j) = j**3 + 32*j**2 - 6*j - 180. Give g(-32).
12
Let a(l) = -14085*l - 56335. Give a(-4).
5
Let p(n) = -96*n - 10736. Give p(-111).
-80
Let u(y) = y**2 - 154*y + 1955. What is u(14)?
-5
Let p(v) = 4*v**3 - 20*v - 53. Determine p(-5).
-453
Let y(k) = -623*k + 77869. Determine y(125).
-6
Let f(u) = 5*u**3 - 22*u**2 - u + 16. Determine f(5).
86
Let u(j) = -49*j - 25. What is u(4)?
-221
Let a(g) = 177*g**2 + 69*g + 65. Calculate a(-1).
173
Let s(t) = -22*t - 57. Determine s(-3).
9
Let a(b) = -633*b - 55093. Give a(-87).
-22
Let g(k) = 9*k**3 + 136*k**2 + 14*k - 13. What is g(-15)?
2
Let c(x) = x**2 - 22*x + 118. Give c(12).
-2
Let y(x) = x - 9. Give y(17).
8
Let g(k) = -513*k + 6152. Give g(12).
-4
Let k(b) = -2*b + 41. Calculate k(20).
1
Let l(n) = -38*n + 738. Determine l(18).
54
Let m(z) = -7875*z + 70886. Give m(9).
11
Let k(i) = 5*i - 93. Determine k(-13).
-158
Let y(a) = 7*a**3 + a**2 - 64*a - 68. Determine y(0).
-68
Let g(u) = -u**3 + 76*u**2 + 494*u - 46. Determine g(82).
118
Let z(j) = j**2 + 40*j - 5068. Calculate z(-94).
8
Let f(a) = -3657*a - 29301. Determine f(-8).
-45
Let k(v) = 57*v + 1141. Determine k(-20).
1
Let n(a) = 4*a**3 + 4*a**2 + 18*a + 17. Give n(-1).
-1
Let j(m) = m**3 - 10*m**2 - 13*m + 11. Give j(7).
-227
Let n(a) = 19*a**2 - 360*a + 633. Determine n(17).
4
Let s(z) = -z**3 - 9*z**2 + 22*z. Determine s(-10).
-120
Let c(g) = -11*g + 316. What is c(59)?
-333
Let c(g) = 47*g - 1143. Calculate c(24).
-15
Let g(s) = -3*s**2 + 40*s + 97. What is g(22)?
-475
Let m(x) = 180*x**2 - 16*x + 14. Calculate m(1).
178
Let u(d) = d**2 - 3*d + 17. Give u(13).
147
Let b(l) = -8*l**3 + 119*l**2 + 13*l + 42. What is b(15)?
12
Let k(u) = u**2 - 240*u + 14362. What is k(114)?
-2
Let w(b) = b**3 + 11*b**2 - 13*b - 21. What is w(-10)?
209
Let v(y) = -y**2 + 16*y + 71. Give v(20).
-9
Let j(u) = -u**3 + 3*u**2 + 12*u - 64. Determine j(6).
-100
Let k(i) = -i**3 + 47*i**2 + 225*i - 1065. Calculate k(51).
6
Let d(o) = 2*o**2 + 71*o - 87. What is d(-32)?
-311
Let s(q) = -20*q**2 + 79*q + 166. What is s(-2)?
-72
Let y(p) = -4*p**2 - 81*p + 30. Give y(-21).
-33
Let r(a) = -10*a**2 - 113*a + 83. Give r(-12).
-1
Let v(b) = b**2 - 9*b + 13. Determine v(12).
49
Let v(u) = u**3 + 26*u**2 + 60*u - 30. Give v(-22).
586
Let f(s) = -2*s**3 - 11*s**2 + 5*s - 19. Calculate f(-6).
-13
Let x(l) = -l**2 + 14*l - 25. What is x(12)?
-1
Let t(p) = p**2 + 12*p - 6850. What is t(-89)?
3
Let t(a) = -60*a**2 - 2338*a + 69. What is t(-39)?
-9
Let f(r) = 18*r**2 + 203*r + 11. What is f(-5)?
-554
Let i(w) = -111*w**2 + 106*w + 4. What is i(1)?
-1
Let g(x) = -x**3 - 26*x**2 - 27*x - 55. Give g(-25).
-5
Let o(u) = -75*u - 2548. What is o(-33)?
-73
Let g(c) = -2*c**2 + 97*c - 1168. Calculate g(26).
2
Let y(w) = -4*w**2 - 89*w - 309. What is y(-18)?
-3
Let t(l) = -5*l**3 - l**2 - 21*l + 21. What is t(1)?
-6
Let j(q) = -324*q - 51844. Determine j(-160).
-4
Let u(d) = -5*d**3 - 15*d**2 + 63*d + 188. What is u(-3)?
-1
Let u(z) = z**2 - 127*z + 1583. Give u(14).
1
Let y(c) = c**2 - 77*c + 333. What is y(72)?
-27
Let d(u) = -26*u + 235. Calculate d(8).
27
Let c(r) = r**2 + 17*r + 72. Give c(-17).
72
Let b(i) = -i**2 - 1402*i + 2812. Calculate b(2).
4
Let t(w) = -w**3 + 16*w**2 - 13*w - 36. Give t(15).
-6
Let m(z) = z**3 + z**2 - 59*z + 272. What is m(6)?
170
Let t(w) = 2*w**3 + 18*w**2 - 21*w - 20. Determine t(-10).
-10
Let i(r) = -30*r + 132. What is i(10)?
-168
Let c(d) = 3*d - 168. What is c(18)?
-114
Let l(n) = -2*n**3 - 83*n**2 - 50*n - 176. What is l(-41)?
193
Let u(x) = 4*x**2 + 17*x + 8. What is u(-9)?
179
Let r(s) = -715*s - 123686. What is r(-173)?
9
Let n(x) = -53*x**2 - 589*x - 21. What is n(-11)?
45
Let m(s) = 71*s - 2263. Give m(32).
9
Let t(f) = 3*f**3 - 19*f**2 - 17*f + 20. Give t(7).
-1
Let q(w) = 20*w - 63. Determine q(10).
137
Let x(n) = -38*n + 1817. What is x(51)?
-121
Let x(m) = 7*m**2 + m - 11. Calculate x(0).
-11
Let j(i) = -230*i**2 - 1827*i. Determine j(-8).
-104
Let x(g) = -g**3 + 57*g**2 + 3*g - 25. Calculate x(57).
146
Let y(v) = 1242*v + 23620. Calculate y(-19).
22
Let z(p) = 9*p**2 + 28*p + 23. What is z(-1)?
4
Let l(t) = -t**3 + 4*t**2 - 2*t - 95. Give l(-4).
41
Let r(i) = -243*i - 1574. Give r(-6).
-116
Let k(a) = -10*a**2 - 383*a + 19. Calculate k(-39).
-254
Let x(b) = -477*b + 1478. Determine x(3).
47
Let q(v) = v**2 - 46*v - 2302. Give q(-30).
-22
Let b(q) = q**3 - 54*q**2 - 294*q - 47. Give b(59).
12
Let r(l) = l**3 + 40*l**2 + 33*l - 108. Give r(-39).
126
Let j(q) = 8*q**2 - 2*q + 48. Calculate j(8).
544
Let o(s) = 2*s**3 + 9*s**2 + 4. What is o(-4)?
20
Let g(c) = -c**2 + 182*c + 16352. Give g(-66).
-16
Let i(r) = -r**3 - 13*r**2 - 21*r + 12. What is i(-11)?
1
Let o(p) = -126*p - 2621. Determine o(-21).
25
Let c(f) = 15*f**2